 -10?
-4
What is -3 + (-1 + 6 - (2 - 1))?
1
1 - (-5 - (-4 + 3))
5
What is 0 - (2 - -1) - -2 - 2?
-3
Evaluate (-18 - 3) + 15 + (-1 - 0).
-7
Calculate 4 - (11 - (15 - 8)).
0
What is the value of -3 + (-4 - (-5 + 0))?
-2
Evaluate 7 + (0 - 6) + -4 + -2.
-5
Evaluate 3 + -2 - (-3 - 1).
5
Calculate (-5 - -6) + -10 + 8.
-1
9 + -2 + -3 + -2 - 6
-4
Evaluate 1 - (1 + 2 + -4).
2
6 + -4 + 6 + -7 - -5
6
What is (2 - 3) + 21 + -7 + -7?
6
Evaluate -1 + (-3 - (-1 - 2)) - -5.
4
What is the value of 7 - -1 - (-12 - 0 - -19)?
1
What is the value of (0 - 9) + 6 + 1 + 1?
-1
20 - 11 - (11 - -1)
-3
Evaluate (-4 + 1 - (12 + -6)) + 12.
3
What is -1 + (-1 - 0) + -16 + 19?
1
Calculate 8 + (-4 - 0 - 3) - -6.
7
Calculate -3 + 0 + 3 + (-4 - -3).
-1
(1 - 1 - (-4 - -3)) + -3
-2
What is the value of -1 + -3 - -8 - (7 - -1)?
-4
Calculate 1 - (-40 - -40 - (-4 - 0)).
-3
Calculate 9 - (4 + (6 - (3 + 2))).
4
What is the value of (2 - 4) + (5 - -5 - 5)?
3
1 - (4 + -2 - -2)
-3
Evaluate -2 - (-3 - (6 + -4 + -8)).
-5
What is the value of 0 + (7 - 1) + 14 + -17?
3
What is (0 - -3) + -3 - -4?
4
What is the value of 3 + (-4 - ((-3 - 4) + 1))?
5
What is the value of -5 - (-1 + 2) - -9?
3
What is the value of 46 + -51 + (2 - 0) + 2?
-1
(4 - (-2 - -3)) + -11 + 10
2
What is the value of -4 + 5 + -2 + -5 + 7?
1
0 + 5 - (5 + -1)
1
Evaluate 3 - (-4 + 5 + (1 - 2)).
3
-1 - 2 - (-1 + 4 + -1)
-5
104 + -102 + 2 + 0
4
What is 4 + -8 + 4 + 2?
2
(56 - 49) + (2 - 9)
0
Evaluate 7 - -1 - (6 + -1).
3
-18 + 22 + (-8 - -1 - 1)
-4
What is the value of 3 - ((-1 - -5) + 0 + -4)?
3
Calculate 10 - (6 - (9 + -8)).
5
Evaluate -1 + 3 - (-9 + 14 + -2).
-1
What is -1 - -10 - (20 + -16)?
5
Evaluate 2 + 5 + -23 + 18 + 1.
3
What is the value of -9 + 0 + 5 + 5?
1
4 - 12 - -14 - (4 - 6)
8
Evaluate (8 - 0) + (-25 - -13).
-4
Evaluate (8 + -2 - 5) + -5.
-4
What is (4 + -14 - -14) + -8?
-4
Evaluate -5 + 4 - -8 - 13.
-6
28 - 27 - (0 - (1 - 2))
0
What is 4 + (-1 - (-2 - (-6 - -2)))?
1
Calculate 3 + (1 - 5) + 4.
3
Evaluate 0 - (2 + 0 - 6).
4
Evaluate 1 - (3 + -1 - 2) - -4.
5
What is the value of 5 + (1 - 1) - (32 - 24)?
-3
What is the value of 3 - (4 + -1 - -9)?
-9
What is the value of 1 - -3 - (25 + -17)?
-4
Evaluate 2 - 3 - -3 - 7.
-5
-2 - -7 - (-2 + 4 + -2)
5
What is 0 - -2 - (2 + 1) - -4?
3
-3 + 9 + -15 + 18
9
Calculate (1 - 0) + (64 - 65).
0
Evaluate -1 + 3 + -12 + 2 - -3.
-5
5 - (-3 - -13 - 3)
-2
What is -9 + (11 - (-7 - -2))?
7
Calculate 5 + 6 + -16 + -2 + 5.
-2
Calculate (-1 - 0) + 4 + 3 + -3.
3
Evaluate (-8 - (4 + -13)) + -1 + -6.
-6
What is the value of 17 - (5 + 16 + -9)?
5
What is the value of 0 + (0 + -4 - (0 - 3))?
-1
Calculate -7 + 3 + (3 - (2 - 0)).
-3
What is the value of 3 + -1 + 4 + (-25 - -20)?
1
Calculate (4 - (1 + 4 + -4)) + -4.
-1
What is the value of 3 + (-6 - -8) + -6?
-1
What is 2 - (-6 + (-3 - -12))?
-1
What is 7 + (3 - 6) + -3?
1
What is 3 + -12 + 4 + (6 - 4)?
-3
Evaluate 1 + -5 - (-11 - -1 - -9).
-3
Calculate 1 - (0 - (4 - 5)) - -6.
6
What is (7 - (7 - -4)) + 2?
-2
Calculate 11 + -4 + -13 - -14.
8
Evaluate -16 - (9 - (7 + 9)).
-9
What is (2 - -1) + (-4 - -5)?
4
What is the value of 1 + (-2 + 1 - (3 - 7))?
4
What is (-7 - -10) + -6 + -1?
-4
Calculate 3 - (-12 - -5) - 10.
0
Evaluate 1 + (0 - (7 + -3)).
-3
What is 3 - 2 - (0 - (-2 + 1))?
0
Calculate (1 + 4 - -3) + -3.
5
What is 1 + (1 - -2) + -1 + 2?
5
What is the value of -2 - (20 - 19 - (11 - 3))?
5
0 + 7 + 3 + -5
5
(0 - -1 - (-6 + 3)) + -5
-1
-10 + -1 + 9 - 4
-6
50 - 61 - (-1 + -3)
-7
What is the value of (9 + -2 - 16) + 8?
-1
What is 8 - (5 - (4 - 2))?
5
Evaluate -5 - (2 + -5 + 0 - 3).
1
What is the value of (1 - (-3 - 1)) + -8?
-3
Evaluate (1 - (-1 + 13)) + 2 + 3.
-6
Calculate -4 + 1 + -1 + (-1 - -3).
-2
Calculate -7 + (40 - 35 - (1 - -8)).
-11
0 - -2 - (-21 - -29)
-6
-3 - (-2 + 1 + 1) - 2
-5
13 + -9 + -2 - 2
0
(-4 - -1) + 37 + -36
-2
What is the value of -2 - 1 - (-12 - -14)?
-5
What is the value of -1 - 1 - (32 - 42)?
8
Evaluate -1 + 4 - (-3 - (0 + -2)).
4
What is -1 + 1 - (-10 - -12)?
-2
Evaluate (-4 - (-6 + -4)) + -2.
4
-12 - -10 - (-1 + (-5 - -9))
-5
Evaluate 0 - (-5 + 4 + (-1 - 2)).
4
What is -7 - (-7 + -2 + 9)?
-7
Calculate 12 + -15 + (10 - 1).
6
What is the value of 4 + (-7 - (3 + -6))?
0
1 - 4 - (6 - (13 - 6))
-2
What is 32 - 38 - (3 + -6)?
-3
6 - 5 - (4 - 1)
-2
What is 0 + -4 + 2 + 0 + -3?
-5
What is the value of 3 + (12 - 8) - (-5 + 17)?
-5
What is the value of (4 - (-1 - -3)) + -2?
0
What is -8 + (-6 - 0) + 5 + 12?
3
What is the value of 0 - 2 - 7 - (0 - 3)?
-6
What is -6 + (7 - (-2 + 6)) + -2?
-5
Evaluate 0 + -4 + (27 - 32).
-9
What is the value of 4 - (0 + 6 + -5)?
3
Calculate 7 + -1 + -5 + -3 + 6.
4
What is the value of 1 + -1 - (6 - (5 + 5))?
4
Evaluate -11 - -5 - 2 - -11.
3
(2 - 6) + (2 - -6) - 1
3
What is the value of -1 + -11 + 12 + -4?
-4
-2 + (12 - 8 - -4)
6
Evaluate 0 + -3 + 3 + 5 + -10.
-5
-19 + 19 - (0 - -3) - -4
1
-2 + (4 - -1) - (12 - 4)
-5
What is the value of -3 - (-8 - -10 - 8)?
3
What is the value of 2 + -1 - (-1 - (-1 - 2))?
-1
What is the value of -3 - (-3 + 4 + (-8 - -4))?
0
Evaluate -27 - -18 - (-4 + -3).
-2
What is 7 + -7 - (1 - (2 - 0))?
1
2 - ((-8 - -7) + 3)
0
What is the value of -1 + 3 + -1 + (-5 - -2)?
-2
What is 190 - 198 - (-1 - 6)?
-1
What is (4 - 9) + (7 - 3)?
-1
What is the value of 2 + (6 - (15 + 3 + -6))?
-4
What is the value of 8 + (5 - 11) + 4 + -7?
-1
What is the value of 28 + -31 - (-1 - 0 - -2)?
-4
Evaluate (-5 + 8 - -3) + -3.
3
-33 + 22 + (-4 - -18)
3
Calculate 5 + (-4 - -1) + -2 + -4.
-4
What is -7 + (7 + -9 - -4 - 4)?
-9
What is (-5 - (-8 + 5 + -1)) + 0?
-1
What is -2 + 2 + (-4 - -3) + -3?
-4
(-4 - -2) + -4 + (2 - 4)
-8
Evaluate -1 - (1 - ((2 - -1) + 1)).
2
What is the value of 1 + 0 + -11 + 15?
5
Evaluate 3 + 1 + 12 + -16 - 0.
0
Calculate (-1 - 6 - -10) + -7 + -1.
-5
What is the value of (-2 - -6 - 6) + -4 + 8?
2
(-1 - 3 - -4 - 0) + 3
3
What is (1 - -6) + -1 + (-279 - -274)?
1
Calculate (-1 - (2 - 4) - 0) + 2.
3
What is the value of -2 - (1 + 0 - 1)?
-2
What is the value of 303 - 304 - (6 - (1 - 1))?
-7
What is 3 + (-4 - (-5 - (1 - 0)))?
5
What is the value of 0 + (-5 - -3) + (5 - 1)?
2
What is (-8 - (-8 + 2)) + -7?
-9
Calculate 0 + -6 + 0 + 8.
2
What is 5 + -22 + -1 + 9 + 0?
-9
What is 0 + 1 - (2 - -2)?
-3
What is 3 + (-2 - (-8 + -5 + 5))?
9
(-1 - 5) + 12 + -11
-5
Evaluate -1 + -5 - (-67 + 56).
5
Evaluate (0 - -1) + (-8 - -6) - -6.
5
Calculate 1 + -5 + (4 - (0 + 4)).
-4
Evaluate (10 - (32 - 23)) + (3 - -1).
5
(1 + 2 - 3) + 1 + 0
1
(-2 - 1) + -1 + 13 + -9
0
Calculate 6 - (4 + 9) - -2.
-5
Evaluate 11 + (-5 - 1) + 0.
5
-2 + -2 + -3 + 7
0
Evaluate (18 - 15) + 1 + -1 + -2.
1
Calculate 14 + -1 + (-18 - -12).
7
Evaluate 1 - (-1 + 4 + (-2 - 6)).
6
Evaluate 3 - (2 - (0 - -2)).
3
Calculate 13 + -15 + 5 + (2 - 0).
5
Calculate (6 + -8 - -5) + 4 + -3.
4
What is the value of -9 - (-5 - 9) - (4 - 1)?
2
What is the value of 3 - ((-4 - -7) + 3)?
-3
What is -30 + 27 - (-3 + 0 + 1)?
-1
Evaluate -3 + 5 + -3 - -2.
1
Evaluate (-2 - (0 + -1)) + (3 - 4).
-2
What is the value of 2 - 0 - ((0 - -5) + 1)?
-4
Calculate (-1 - 1) + -4 + 3.
-3
What is -4 - ((2 - -1 - 2) + -2)?
-3
What is the value of -2 - (-1 - -2) - (-5 - -2)?
0
What is the value of 2 + -3 + -5 + 11?
5
What is the value of 9 + (-7 - ((6 - 9) + 3))?
2
Evaluate 10 + 8 + -29 - -3.
-8
What is (4 + 5 - 8) + -3?
-2
Calculate -8 - (-7 - -3) - (-2 - 7).
5
What is the value of (-4 - -2) + 10 - 12?
-4
Calculate 4 - ((-2 - -12) + -3).
-3
Evaluate 4 - (-1 - -10 - 12).
7
What is the value of 12 + (0 - -1) + -8?
5
What is (-9 - (5 + -10)) + (0 - -3)?
-1
What is -10 - -17 - 11 - -5?
1
Calculate -5 + (-3 + 3 - (-6 - -7)).
-6
Calculate -7 - (6 + -18 + -1 + 7).
-1
7 + (-7 - 5) + 0
-5
Evaluate -1 + -5 + (6 - -4).
4
(0 - -3) + (27 - 27)
3
What is the value of -15 + (4 - -21) - (0 - -1)?
9
Calculate -2 + -2 + 9 - (-3 - -16).
-8
Evaluate (154 - 155) + 0 + (1 - -8).
8
Calculate -19 - -12 - (4 + -2 + -11).
2
6 + 3 + -3 + -4
2
What is the value of -4 + -2 - (-15 - (-29 - -16))?
-4
What is -8 - (-21 - ((3 - -5) + -12))?
9
Evaluate -21 + 7 + 4 - -9.
-1
What is (17 - 15) + -2 + 1?
1
Calculate -48 + 32 - (3 - 11).
-8
What is (2 - -3) + (2 - (6 - 1))?
2
Calculate 5 + 1 + -9 + 10 + -3.
4
What is the value of 20 - (-3 + 5 - -8)?
10
Evaluate (6 - 6 - 0) + 1.
1
Evaluate 0 + 1 + 1 - (23 